t m(g) = 2*g. Let v(w) = w + 16. Let q be v(-10). Let f be (-20)/q*6/(-4). Let u = -6 + f. Give m(u).
-2
Let i be (-12)/10*(-5 + 0). Let w(h) = -30*h - 4 + 30*h + h**3 - 6*h**2. Calculate w(i).
-4
Let v = -1 - -5. Let d(f) be the third derivative of f**6/720 - f**5/30 - f**4/24 + 3*f**2. Let a(k) be the second derivative of d(k). Determine a(v).
0
Let c(p) = -p**2 - p. Let y(q) = 2*q**2 - 4*q - 3. Let t(g) = 3*c(g) + y(g). Suppose 3*x = -2*j - j + 3, 0 = 3*x - 15. What is t(j)?
9
Let h(n) be the first derivative of -n**5/30 + n**4/6 - n**3/2 - n**2 - 1. Let l(i) be the second derivative of h(i). Let x = 4 + -2. What is l(x)?
-3
Let b(z) = -z + 4*z - 2*z. Let f be (2/3)/(6/(-9)). Let u be 1/(3/9*f). Determine b(u).
-3
Let v(s) = -s + 0 - s + 1 - 3*s. Let k = -43 - -42. Calculate v(k).
6
Let i(l) be the second derivative of 0 - 1/2*l**4 + 1/3*l**3 + 3/2*l**2 - 2*l. Let g(p) = 7*p**2 - 2*p - 3. Let k(v) = 5*g(v) + 6*i(v). Calculate k(-2).
-5
Let w(t) = t**2 + 1. Let q(a) = -a**3 + 5*a**2 - 3*a - 1. Let y be q(4). Suppose 4*g - 6*i + y = -3*i, -3*g - i + 1 = 0. What is w(g)?
1
Let f(a) be the second derivative of -a**4/12 - a**3/3 + a**2/2 + 2*a. Determine f(-2).
1
Let q = 0 + 2. Let l(s) be the second derivative of s**6/360 - s**5/120 + s**4/12 - s**3/6 + 3*s. Let m(c) be the second derivative of l(c). Calculate m(q).
4
Let o(t) = -t**3 + 7*t**2 - 6*t - 1. Suppose -2*l - 3*l + 34 = 2*b, 2*l - 8 = 2*b. Give o(l).
-1
Let z(m) = 2*m**3 - 2*m**2 - 2*m + 3. Let p(r) = r**3 - 5*r**2 + 5*r - 4. Let s be p(4). Suppose s + 2 = h. Give z(h).
7
Let l = 3 + -1. Let v(k) be the second derivative of -k**4/12 + k**3/2 + 4*k. Let i be v(l). Let r(m) = m**3 - m**2 - 3*m + 3. Determine r(i).
1
Let h(r) = r**2 + 6*r - 5. Let s be h(-6). Let j(u) = -u**3 - 4*u**2 + 4*u - 5. Let y be j(s). Let g(t) = -1 + 0*t + y*t - t + t**3. Determine g(0).
-1
Let g(b) = b**3 - 4*b**2 + b + 4. Suppose 0*r = -2*r - 5*h + 23, 2*r - 20 = -4*h. Give g(r).
8
Let l(h) = 5*h. Suppose -3 = -31*i + 34*i. Calculate l(i).
-5
Let c(q) = -q**2 + 1. Let v(g) = -3*g**2 + 2*g + 2. Let f(l) = -c(l) + v(l). Give f(-1).
-3
Let g(c) = 11 + 0 + 7*c - c**2 - 14 + 5. Determine g(7).
2
Let x(q) = q**3 + 3*q**2 + 3. Suppose r = -2*r + 18. Let w be 2/(2/r*-2). What is x(w)?
3
Let f(c) be the third derivative of c**4/24 + 3*c**3/2 - 9*c**2. Determine f(-9).
0
Let h(u) = u**3 + 3*u**2 - u - 3. Let f(i) = -i**3 - 7*i**2 - 6*i - 3. Let l be f(-6). Let x = -4 - -4. Let q = l + x. Calculate h(q).
0
Let j(z) be the third derivative of -z**6/120 - z**5/30 + z**4/24 + z**3/6 + 7*z**2 - 1. Calculate j(-1).
-1
Let f be 10/(-25) + 27/5. Let s(x) be the second derivative of 1/6*x**3 + 0 - 1/12*x**4 - x + 0*x**2 + 3/10*x**f. What is s(1)?
6
Let g(y) = -y**2 + 10*y - 8. Let c be g(7). Let d(t) = 5*t - 10. Let z(u) = -11*u + 21. Let f(b) = c*d(b) + 6*z(b). Determine f(0).
-4
Let a be 1/(-2)*(-2 + 2). Let j(m) = 0*m + m + 3*m + a*m. Determine j(2).
8
Let i(f) = 3*f + 7. Let p(w) = w**3 + 9*w**2 + 8*w + 5. Let v be p(-8). Let h = v + -10. Determine i(h).
-8
Let d(a) be the third derivative of -a**6/120 - a**5/60 + a**4/24 - 5*a**3/6 - 5*a**2. Let i = 0 - -3. Let r = 3 - i. What is d(r)?
-5
Let b(y) = 0 + 0 - 1 - y. Let u be (-4)/(-14) + (-63)/49. Give b(u).
0
Let b(h) = -7*h - 5. Let c(q) = -5*q - 5. Let l(x) = -3*b(x) + 4*c(x). Let i(r) = r - 5. Let z be i(4). Let s = z + 1. Determine l(s).
-5
Let s(y) = -2*y + 6. Let m(v) = 5*v - 16. Let b(a) = 3*m(a) + 8*s(a). Give b(-3).
3
Let i(b) = -8 + 1 + 4 - 8 + 11*b - b**2. Calculate i(10).
-1
Let w(z) = -7 + 10*z**3 + 8*z**3 - 19*z**3. Suppose b - 4*b = -k - 6, 5*k - 2*b + 4 = 0. Give w(k).
-7
Let r = -9 - -3. Let o(y) = -y**3 - 7*y**2 - 7*y - 1. Let n be o(r). Let d(u) = 5*u + 5*u - 3*u - 4 - u**2. Determine d(n).
6
Suppose -14 - 14 = -4*j. Let s = j - 3. Let n(p) = -7*p - 6*p**2 - s + 2*p - p**3 - 2*p. Calculate n(-5).
6
Let d(z) = -z**3 + 4*z**2 + 5. Let k(f) = -12*f. Let r be k(5). Let s = r + 85. Suppose -4*i + i = c - 7, -5*i + s = -c. Determine d(i).
5
Let d(z) = -13*z**3 - 9*z**2 - 15*z - 2. Let b(g) = -7*g**3 - 5*g**2 - 8*g - 1. Let i(a) = -11*b(a) + 6*d(a). Determine i(2).
-9
Let g(b) = b**2 + 6*b + 3. Suppose l + 5 = 4*s, -2 - 1 = -l. Let q(p) = -p**3 + 0*p + 0 - 1 - 4*p**2 - s*p. Let d be q(-3). Give g(d).
-5
Let f(d) = d**3 + 5*d**2 + 4*d - 1. Suppose -25 = 5*x - 5. Determine f(x).
-1
Let b(o) = o**3 - 6*o**2 - 8*o + 6. Suppose 3*i + s - 25 = -7, i = -2*s + 1. Let v be b(i). Let c(h) = -4 - 2*h + 9 - 4. What is c(v)?
3
Let z(d) = -4*d - 1. Let b(a) = -8*a - 2. Let y(j) = -6*b(j) + 11*z(j). Calculate y(-1).
-3
Let c(a) = -a**3 - a**2 + 3*a - 2. Suppose 4*w - 3 = 5. Calculate c(w).
-8
Let w(o) = o - 3. Let b be w(6). Let n(x) = 1 + 1 - 506*x + 504*x. Calculate n(b).
-4
Suppose -3*o + o + 4 = 0. Let v(l) = 2*l**2 - 3*l - 5*l**2 + 7 + 2*l**o - 4. What is v(-4)?
-1
Let c(l) = -4*l**3 + l**2 - l. Suppose 10 = 5*u + 5. What is c(u)?
-4
Let p(v) = v**3 + 3*v**2 + v - 2. Let b be p(-2). Let u(k) = 7 - 4 + 2*k - k**2 + b*k**2. Let d(z) = -z + 13. Let t be d(9). Calculate u(t).
-5
Suppose 0 = 3*t - t - p + 6, 4*t + 4*p - 12 = 0. Let h(l) be the third derivative of -l**6/12 - l**5/30 + l**3/6 - l**2. Give h(t).
9
Let i(y) = -y + 7. Let u(t) = 7*t**3 - 2*t**2 + 1. Let v be u(1). Let p be (-1 + 9/v)*0. What is i(p)?
7
Let q(u) = -u**2 + 1. Suppose 3*y = 2*n + 3 + 3, -3*n = 5*y - 10. Let k be q(n). Let r(l) = -6*l**2 + 2*l - 1. What is r(k)?
-5
Suppose -n + 2*y - 2 = -8, -4*n + 3*y - 1 = 0. Suppose -12 = -4*l - 0*l. Let o(r) = 0*r**2 - 6 - 9*r - l*r + 6*r - r**2. What is o(n)?
2
Suppose 5*c - h - h = 20, -2*c - 11 = 3*h. Let z(p) = -p**2 - 4*p**3 + 1 - p + 2*p**c - 5*p**3 - p**3. Calculate z(1).
-9
Suppose 0 = -6*x + x + 15. Let w(j) = -j**3 + 5*j**2 - 5*j + 2. Determine w(x).
5
Let j(z) = -z**3 + z**2 - 3. Suppose 0 = 3*g - 15 - 6. Let r(t) = g*t - t**2 + 3 - 3 - 6. Let d be r(6). Give j(d).
-3
Let m(n) = n + 8. Suppose -f + 68 = -5*f. Let z = f + 11. What is m(z)?
2
Suppose 1 - 11 = -2*c, 20 = 5*s + c. Let z(b) = 12*b + 28. Let f(t) = -4*t - 9. Let r(k) = s*z(k) + 10*f(k). Calculate r(-4).
10
Suppose 24 = 3*b - 5*d - 2, 5*b + 10 = -5*d. Let s(p) be the first derivative of -1/2*p**2 + p + b - 1/3*p**3. What is s(-2)?
-1
Suppose 2 = -h + 4*s - 3, 14 = 2*h + 4*s. Suppose -p + 0 - 6 = 3*v, -v = -2*p + 9. Let u(k) = 2 + 1 - 4 + p*k. What is u(h)?
8
Suppose -5*s + m = -m - 31, 20 = s - 5*m. Let j(q) = 8*q**3 - q**2 + q. Let u be j(1). Let f = s - u. Let y(x) = 2*x**2 + 4*x + 1. Determine y(f).
7
Suppose c = -f + 4, 3*f = 3*c + 2*c - 12. Let o = -7 + c. Let j = o - -7. Let a(i) = 2*i**2 - 4*i - 1. Calculate a(j).
5
Let b(u) = -2*u**3 + u**3 + u + 2*u**3 - u**2. Let j = 0 - 2. Let g(s) = s**3 - 9*s**2 - 3*s - 3. Let n(d) = j*b(d) + g(d). What is n(-6)?
-9
Let o be (-6)/(-15) - (-14)/(-10). Let c be 15 + -2 - (1 - o). Suppose -14 = -5*l + c. Let z(v) = -v + 7. Determine z(l).
2
Suppose -p = -2*b + 7, -4*b + 11 = 5*p + 32. Let v(w) = -w - 2 - 3 + 6 + b. Calculate v(-4).
6
Let h(x) = x - 14*x**3 + 4*x**3 + 0*x + 4*x**3. Calculate h(-1).
5
Let p(b) be the first derivative of b**4/2 - b**2/2 + b - 1. Suppose 5*j = 2*j + 3. Determine p(j).
2
Let a(w) = 2*w + 2. Let h be a(2). Suppose -2*s - 5*l - 4 = 0, -2*s = -h*l + 3*l - 12. Let d(p) = 1 + s + 3*p + 4*p - 6*p. What is d(3)?
7
Let l(q) = -q**3 - 5*q**2 - 6*q - 4. Let m be l(-4). Let g(x) = x + 1. Let z(b) = -8*b - 4. Let a(o) = m*g(o) + z(o). Let t = -6 - -7. What is a(t)?
-4
Let r(x) = x**3 - 6*x**2 - 7*x + 4. Suppose 0 = -5*s + 12 + 23. Calculate r(s).
4
Suppose 3 = 2*f - 5. Let d(x) = x - f + 3 - 1 + 0. Calculate d(-4).
-6
Suppose 68*c - 67*c = -1. Let g(v) = -14*v**3 + 2*v + 1. Give g(c).
13
Let k be (-1)/(-3) + 16/(-3). Let a(l) be the third derivative of -1/3*l**3 - 1/24*l**4 + 0*l + 0 + l**2. Calculate a(k).
3
Let i(u) = u**3 + 3*u - 2*u - 2*u**2 + u**2. Calculate i(1).
1
Let x be (-19)/(-57) + (-1)/3. Let m(w) be the second derivative of x - w - 1/12*w**4 + 1/2*w**3 - w**2. Calculate m(3).
-2
Suppose 5*b = -0*b - u + 39, -35 = -4*b + 3*u. Suppose 5*i = i + b. Let c(l) = l**i - 4*l**2 - l**3 + 2 + 5*l + 0. Determine c(-4).
-2
Let y(r) be the first derivative of r**3/3 + 3*r**2/2 - 5*r + 7. What is y(-4)?
-1
Let o(m) be the third de